{"id":100380,"date":"2025-11-10T21:15:41","date_gmt":"2025-11-10T20:15:41","guid":{"rendered":"https:\/\/www.galeriechampaka.com\/?page_id=100380"},"modified":"2026-04-17T15:42:27","modified_gmt":"2026-04-17T13:42:27","slug":"peter-van-dongen-3","status":"publish","type":"page","link":"https:\/\/www.galeriechampaka.com\/?page_id=100380","title":{"rendered":"PETER VAN DONGEN"},"content":{"rendered":"<h1 id=\"fr\" class=\"p1\"><em><b>\u00abBlake &amp; Mortimer &#8211; La Menace atlante\u00bb<\/b><\/em><\/h1>\n<h3 class=\"p3\"><span class=\"s1\">Exposition 28\/11 &gt; 24\/12\/2025<\/span><\/h3>\n<p><img loading=\"lazy\" decoding=\"async\" class=\"alignnone size-full wp-image-100383\" src=\"https:\/\/www.galeriechampaka.com\/wp-content\/uploads\/2025\/11\/CV1_BLAKEMORTIMER_31-3-1.jpg\" alt=\"Couverture de Blake &amp; Mortimer - La Menace Atlante, montrant deux hommes en combinaison orange dans un laboratoire futuriste, l\u2019un aidant l\u2019autre tomb\u00e9 au sol et plein d'eau.\" width=\"1867\" height=\"2441\" srcset=\"https:\/\/www.galeriechampaka.com\/wp-content\/uploads\/2025\/11\/CV1_BLAKEMORTIMER_31-3-1.jpg 1867w, https:\/\/www.galeriechampaka.com\/wp-content\/uploads\/2025\/11\/CV1_BLAKEMORTIMER_31-3-1-229x300.jpg 229w, https:\/\/www.galeriechampaka.com\/wp-content\/uploads\/2025\/11\/CV1_BLAKEMORTIMER_31-3-1-783x1024.jpg 783w, https:\/\/www.galeriechampaka.com\/wp-content\/uploads\/2025\/11\/CV1_BLAKEMORTIMER_31-3-1-768x1004.jpg 768w, https:\/\/www.galeriechampaka.com\/wp-content\/uploads\/2025\/11\/CV1_BLAKEMORTIMER_31-3-1-1175x1536.jpg 1175w, https:\/\/www.galeriechampaka.com\/wp-content\/uploads\/2025\/11\/CV1_BLAKEMORTIMER_31-3-1-1566x2048.jpg 1566w\" sizes=\"auto, (max-width: 1867px) 100vw, 1867px\" \/><\/p>\n<p class=\"p1\">Fort d\u2019une \u0153uvre personnelle (<i>Rampokan<\/i>, <i>Fichue Famille<\/i>\u2026) qui l\u2019a \u00e9rig\u00e9 en nouveau ma\u00eetre de la Ligne claire, <b>Peter van Dongen<\/b> est le brillant dessinateur de&nbsp;<b><i>La<\/i> <i>Menac<\/i>e atlante<\/b> (Ed. Blake &amp; Mortimer), une nouvelle aventure de Blake et Mortimer sc\u00e9naris\u00e9e par <b>Yves Sente<\/b>.<span class=\"s1\"><span class=\"Apple-converted-space\">&nbsp;<\/span><\/span><\/p>\n<p class=\"p1\">Avec <i>La Menace atlante<\/i>, le duo prend la suite d&rsquo;<b>E. P. Jacobs<\/b> et de son <b><i>\u00c9nigme de l&rsquo;Atlantide<\/i><\/b><i> <\/i>(1957). On retrouve les m\u00eames personnages et vaisseaux spatiaux mais la science-fiction a \u00e9volu\u00e9:<span class=\"Apple-converted-space\">&nbsp; <\/span>celle d\u2019aujourd&rsquo;hui n&rsquo;est plus celle d&rsquo;hier. Si la mythique Atlantide \u00e9tait d\u00e9j\u00e0 menac\u00e9e par des complots politiques, en Nouvelle Atlantide viennent s\u2019ajouter des enjeux \u00e9nerg\u00e9tiques auquel le Professeur Mortimer pourra peut-\u00eatre apporter une solution\u2026&nbsp;<\/p>\n<p class=\"p1\">La <b>Galerie Champaka<\/b>, temple de la Ligne claire, a le privil\u00e8ge de pr\u00e9senter, en exclusivit\u00e9, une exposition-vente des plus beaux originaux de <i>La Menace atlante<\/i>. Recherches, planches, illustrations et couvertures composent un ensemble de premier plan&nbsp;!<span class=\"Apple-converted-space\">&nbsp;<\/span><\/p>\n<hr>\n<h2 id=\"nl\" class=\"p1\"><em><b>\u00abBlake &amp; Mortimer &#8211; De Atlantische dreiging\u00bb<\/b><\/em><\/h2>\n<p class=\"p1\">Naast een sterk persoonlijk oeuvre (<i>Rampokan, Familieziek<\/i>&#8230;), dat hem de nieuwe meester van de Klare Lijn maakte, is <b>Peter van Dongen<\/b> ook de briljante tekenaar van <b><i>De Atlantische dreiging<\/i><\/b> (uitg. Blake &amp; Mortimer), een nieuw avontuur van Blake en Mortimer op scenario van <b>Yves Sente<\/b>.<\/p>\n<p class=\"p1\">Met De Atlantische dreiging maakt het duo een vervolg op <b>E.P. Jacobs<\/b>\u2019 <b><i>Het Raadsel van Atlantis<\/i><\/b> (1957). We vinden dezelfde personages en ruimtetuigen terug maar de sciencefiction is verder ge\u00ebvolueerd: die van vandaag is niet meer die van gisteren. Waar de mythische stad Atlantis vroeger werd bedreigd door politieke complotten, staat het Nieuwe Atlantis nu voor een energiecrisis\u2026<\/p>\n<p class=\"p1\"><b>Galerij Champaka<\/b>, tempel van de Klare Lijn, heeft het voorrecht in exclusiviteit en verkoop-tentoonstelling voor te stellen van de mooiste originelen uit De Atlantische Dreiging. Studies, platen, illustraties en omslagen vormen een ensemble van de bovenste plank!<\/p>\n<hr>\n<h2 id=\"en\" class=\"p1\"><em><b>\u00abBlake &amp; Mortimer &#8211; The Atlantis Menace\u00bb<\/b><\/em><\/h2>\n<p class=\"p1\">With a body of personal work (<i>Rampokan<\/i>, <i>Fichue Famille<\/i>, etc.) that has established him as a new master of the Ligne claire (Clear Line), <b>Peter van Dongen<\/b> is the brilliant illustrator of <b><i>The Atlantis Menace<\/i><\/b> (Ed. Blake &amp; Mortimer), a new Blake and Mortimer adventure written by <b>Yves Sent<\/b>e.<\/p>\n<p class=\"p1\">With <i>The Atlantis Menace<\/i>, the duo follows on from <b>E. P. Jacobs<\/b> and his <b><i>Atlantis Mystery<\/i><\/b> (1957). We find the same characters and spaceships, but science fiction has evolved: science fiction today is no longer what it was. If the mythical city of Atlantis was once threatened by political plots, New Atlantis is now facing an energy crisis&#8230;<\/p>\n<p class=\"p1\"><b>Galerie Champaka<\/b>, a temple to the Ligne claire, has the privilege of presenting an exclusive exhibition and sale of the finest originals from <i>The Atlantis Menace<\/i>. Research drawings, finished pages, illustrations, and covers make up a first-rate collection!<\/p>\n","protected":false},"excerpt":{"rendered":"<p>Exposition \u00abBlake &#038; Mortimer &#8211; La Menace atlante\u00bb &#8211; 28\/11 > 24\/12\/2025<\/p>\n","protected":false},"author":5,"featured_media":100383,"parent":0,"menu_order":0,"comment_status":"closed","ping_status":"closed","template":"","meta":{"ngg_post_thumbnail":0,"footnotes":""},"categories":[],"tags":[],"class_list":["post-100380","page","type-page","status-publish","has-post-thumbnail","hentry"],"_links":{"self":[{"href":"https:\/\/www.galeriechampaka.com\/index.php?rest_route=\/wp\/v2\/pages\/100380","targetHints":{"allow":["GET"]}}],"collection":[{"href":"https:\/\/www.galeriechampaka.com\/index.php?rest_route=\/wp\/v2\/pages"}],"about":[{"href":"https:\/\/www.galeriechampaka.com\/index.php?rest_route=\/wp\/v2\/types\/page"}],"author":[{"embeddable":true,"href":"https:\/\/www.galeriechampaka.com\/index.php?rest_route=\/wp\/v2\/users\/5"}],"replies":[{"embeddable":true,"href":"https:\/\/www.galeriechampaka.com\/index.php?rest_route=%2Fwp%2Fv2%2Fcomments&post=100380"}],"version-history":[{"count":6,"href":"https:\/\/www.galeriechampaka.com\/index.php?rest_route=\/wp\/v2\/pages\/100380\/revisions"}],"predecessor-version":[{"id":101336,"href":"https:\/\/www.galeriechampaka.com\/index.php?rest_route=\/wp\/v2\/pages\/100380\/revisions\/101336"}],"wp:featuredmedia":[{"embeddable":true,"href":"https:\/\/www.galeriechampaka.com\/index.php?rest_route=\/wp\/v2\/media\/100383"}],"wp:attachment":[{"href":"https:\/\/www.galeriechampaka.com\/index.php?rest_route=%2Fwp%2Fv2%2Fmedia&parent=100380"}],"wp:term":[{"taxonomy":"category","embeddable":true,"href":"https:\/\/www.galeriechampaka.com\/index.php?rest_route=%2Fwp%2Fv2%2Fcategories&post=100380"},{"taxonomy":"post_tag","embeddable":true,"href":"https:\/\/www.galeriechampaka.com\/index.php?rest_route=%2Fwp%2Fv2%2Ftags&post=100380"}],"curies":[{"name":"wp","href":"https:\/\/api.w.org\/{rel}","templated":true}]}}