{"id":2,"date":"2016-11-14T09:32:41","date_gmt":"2016-11-14T08:32:41","guid":{"rendered":"https:\/\/www.galeriechampaka.com\/wp\/?page_id=2"},"modified":"2016-11-14T17:13:44","modified_gmt":"2016-11-14T16:13:44","slug":"page-d-exemple","status":"publish","type":"page","link":"https:\/\/www.galeriechampaka.com\/?page_id=2","title":{"rendered":"Galerie Champaka"},"content":{"rendered":"<p>En mars 2010, la Galerie Champaka s\u2019installe dans le Quartier des Sablons \u00e0 Bruxelles. Devenue tr\u00e8s rapidement le point de rencontre oblig\u00e9 des amateurs de bande dessin\u00e9e sous ses diff\u00e9rentes formes (planches originales, illustrations et \u00e9ditions artistiques \u00e0 tirage tr\u00e8s limit\u00e9), la Galerie Champaka Bruxelles occupe deux niveaux d\u2019une maison de ma\u00eetre au Sablon, le quartier des antiquaires, des galeries d\u2019art et des grands chocolatiers.<\/p>\n","protected":false},"excerpt":{"rendered":"<p>En mars 2010, la Galerie Champaka s\u2019installe dans le Quartier des Sablons \u00e0 Bruxelles. Devenue tr\u00e8s rapidement le point de rencontre oblig\u00e9 des amateurs de bande dessin\u00e9e sous ses diff\u00e9rentes formes (planches originales, illustrations et \u00e9ditions artistiques \u00e0 tirage tr\u00e8s limit\u00e9), la Galerie Champaka Bruxelles occupe deux niveaux d\u2019une maison de ma\u00eetre au Sablon, le [&hellip;]<\/p>\n","protected":false},"author":1,"featured_media":0,"parent":0,"menu_order":0,"comment_status":"closed","ping_status":"open","template":"","meta":{"ngg_post_thumbnail":0,"footnotes":""},"categories":[],"tags":[],"class_list":["post-2","page","type-page","status-publish","hentry"],"_links":{"self":[{"href":"https:\/\/www.galeriechampaka.com\/index.php?rest_route=\/wp\/v2\/pages\/2","targetHints":{"allow":["GET"]}}],"collection":[{"href":"https:\/\/www.galeriechampaka.com\/index.php?rest_route=\/wp\/v2\/pages"}],"about":[{"href":"https:\/\/www.galeriechampaka.com\/index.php?rest_route=\/wp\/v2\/types\/page"}],"author":[{"embeddable":true,"href":"https:\/\/www.galeriechampaka.com\/index.php?rest_route=\/wp\/v2\/users\/1"}],"replies":[{"embeddable":true,"href":"https:\/\/www.galeriechampaka.com\/index.php?rest_route=%2Fwp%2Fv2%2Fcomments&post=2"}],"version-history":[{"count":1,"href":"https:\/\/www.galeriechampaka.com\/index.php?rest_route=\/wp\/v2\/pages\/2\/revisions"}],"predecessor-version":[{"id":294,"href":"https:\/\/www.galeriechampaka.com\/index.php?rest_route=\/wp\/v2\/pages\/2\/revisions\/294"}],"wp:attachment":[{"href":"https:\/\/www.galeriechampaka.com\/index.php?rest_route=%2Fwp%2Fv2%2Fmedia&parent=2"}],"wp:term":[{"taxonomy":"category","embeddable":true,"href":"https:\/\/www.galeriechampaka.com\/index.php?rest_route=%2Fwp%2Fv2%2Fcategories&post=2"},{"taxonomy":"post_tag","embeddable":true,"href":"https:\/\/www.galeriechampaka.com\/index.php?rest_route=%2Fwp%2Fv2%2Ftags&post=2"}],"curies":[{"name":"wp","href":"https:\/\/api.w.org\/{rel}","templated":true}]}}