{"id":7701,"date":"2018-01-03T09:11:18","date_gmt":"2018-01-03T08:11:18","guid":{"rendered":"https:\/\/www.galeriechampaka.com\/?page_id=7701"},"modified":"2018-01-11T17:13:40","modified_gmt":"2018-01-11T16:13:40","slug":"frank-pe-preview","status":"publish","type":"page","link":"https:\/\/www.galeriechampaka.com\/?page_id=7701","title":{"rendered":"Frank P\u00e9"},"content":{"rendered":"<h2><strong><em>Spirou&nbsp;: Les Lumi\u00e8res de Born\u00e9o<\/em><\/strong><\/h2>\n<p>Exposition du 12\/01 au 04\/02\/2018<\/p>\n<hr>\n<p>Dans <strong><em>Les Lumi\u00e8res de Born\u00e9o<\/em><\/strong>, Spirou hors-s\u00e9rie, <strong>Zidrou<\/strong> a eu l\u2019intelligence d\u2019emmener <strong>Frank<\/strong> sur un terrain o\u00f9 son amour des animaux pouvait s\u2019en donner \u00e0 c\u0153ur joie&nbsp;: le cirque. Sur les traces de Franquin, le dessinateur revisite le personnage de No\u00e9, g\u00e9nial dresseur d\u00e9pressif de <em>Bravo les Brothers<\/em>. L\u2019occasion de dynamiter son dessin et de lui conf\u00e9rer une \u00e9bouriffante vitalit\u00e9, au croisement de la po\u00e9sie, de la vision d\u2019avenir et de l\u2019h\u00e9ritage des codes classiques de la BD franco-belge. Le d\u00e9coupage s\u2019adapte sans cesse au r\u00e9cit, r\u00e9inventant l\u2019architecture de la page en fonction des besoins. Et puis, il y a ces animaux, d\u2019une troublante humanit\u00e9. Aucun autre auteur de bande dessin\u00e9e n\u2019est capable de dessiner ainsi les profondeurs de leur \u00e2me\u2026 <strong>Illustrations in\u00e9dites et les plus belles planches des <em>Lumi\u00e8res de Born\u00e9o<\/em> \u00e0 voir absolument chez Champaka ! <\/strong><\/p>\n<hr>\n<p>In <strong>Het licht van Borneo<\/strong>, een Robbedoes buiten-reeks, was <strong>Zidrou<\/strong> zo slim <strong>Frank<\/strong> mee te nemen op een terrein waar zijn liefde voor dieren hoogtij kon vieren: het circus. In het spoor van Franquin bezoekt de tekenaar opnieuw de figuur No\u00e9, de geniale, depressieve dierentemmer uit de <em>Bravo Brothers<\/em>. Het was de kans bij uitstek om zijn tekeningen vuurwerk en een onvoorstelbare levendigheid te geven, nog gemengd met po\u00ebzie, een visie op de toekomst en de erfenis van de klassieke codes van het Frans-Belgisch stripverhaal. De lay-out past zich onophoudelijk aan naar het verhaal, herbedenkt de architectuur van de pagina in functie van de behoeften. En dan zijn er de dieren met hun ontstellende menselijkheid. Geen enkele andere stripauteur is in staat de diepte van hun ziel zo weer te geven\u2026 <strong>Onuitgegeven illustraties en de mooiste platen uit Het Licht van Borneo zijn de absolute must om bij Champaka te komen bekijken!<br \/>\n<\/strong><\/p>\n<hr>\n<p>In <strong><em>Les Lumi\u00e8res de Born\u00e9o<\/em><\/strong>, a Spirou special, <strong>Zidrou<\/strong> has had the smart idea of taking <strong>Frank<\/strong> to a setting where his heart-felt love for animals could be expressed: the circus. Following in the footsteps of Franquin, the artist revisits the character of No\u00e9, the brilliant, depressive animal-trainer from <em>Bravo les Brothers<\/em>. This gives Frank the chance to recharge his drawing and give it a vigorous vitality, at the crossroads of poetry, visions of the future and the legacy of the classic codes of Franco-Belgian comics. His layouts constantly adapt to the story, reinventing as needed the architecture of the page. And then there are the animals with their disturbing humanity. No other comics artist is able to draw the depths of their souls in this way&#8230; <strong>Unpublished illustrations and the most beautiful pages from <em>Les Lumi\u00e8res de Born\u00e9o<\/em> are an absolute must-see at Galerie Champaka!<\/strong><\/p>\n<h2>Originaux<\/h2>\nngg_shortcode_0_placeholder\n<h2>Int\u00e9ress\u00e9 par une \u0153uvre?<\/h2>\n<p>Laissez-nous vos coordonn\u00e9es, nous vous recontacterons d\u00e8s que possible.<br \/>\n\n<div class=\"wpcf7 no-js\" id=\"wpcf7-f688-o1\" lang=\"fr-FR\" dir=\"ltr\" data-wpcf7-id=\"688\">\n<div class=\"screen-reader-response\"><p role=\"status\" aria-live=\"polite\" aria-atomic=\"true\"><\/p> <ul><\/ul><\/div>\n<form action=\"\/index.php?rest_route=%2Fwp%2Fv2%2Fpages%2F7701#wpcf7-f688-o1\" method=\"post\" class=\"wpcf7-form init\" aria-label=\"Formulaire de contact\" novalidate=\"novalidate\" data-status=\"init\">\n<fieldset class=\"hidden-fields-container\"><input type=\"hidden\" name=\"_wpcf7\" value=\"688\" \/><input type=\"hidden\" name=\"_wpcf7_version\" value=\"6.1.5\" \/><input type=\"hidden\" name=\"_wpcf7_locale\" value=\"fr_FR\" \/><input type=\"hidden\" name=\"_wpcf7_unit_tag\" value=\"wpcf7-f688-o1\" \/><input type=\"hidden\" name=\"_wpcf7_container_post\" value=\"0\" \/><input type=\"hidden\" name=\"_wpcf7_posted_data_hash\" value=\"\" \/>\n<\/fieldset>\n<p><label> Votre nom (*)<br \/>\n<span class=\"wpcf7-form-control-wrap\" data-name=\"your-name\"><input size=\"40\" maxlength=\"400\" class=\"wpcf7-form-control wpcf7-text wpcf7-validates-as-required\" autocomplete=\"name\" aria-required=\"true\" aria-invalid=\"false\" value=\"\" type=\"text\" name=\"your-name\" \/><\/span> <\/label>\n<\/p>\n<p><label> Votre e-mail (*)<br \/>\n<span class=\"wpcf7-form-control-wrap\" data-name=\"your-email\"><input size=\"40\" maxlength=\"400\" class=\"wpcf7-form-control wpcf7-email wpcf7-validates-as-required wpcf7-text wpcf7-validates-as-email\" autocomplete=\"email\" aria-required=\"true\" aria-invalid=\"false\" value=\"\" type=\"email\" name=\"your-email\" \/><\/span> <\/label>\n<\/p>\n<p><label>\u0152uvre choisie<br \/>\n<span class=\"wpcf7-form-control-wrap\" data-name=\"your-subject\"><input size=\"40\" maxlength=\"400\" class=\"wpcf7-form-control wpcf7-text\" aria-invalid=\"false\" value=\"\" type=\"text\" name=\"your-subject\" \/><\/span> <\/label>\n<\/p>\n<p><label>Votre demande<br \/>\n<span class=\"wpcf7-form-control-wrap\" data-name=\"your-message\"><textarea cols=\"40\" rows=\"10\" maxlength=\"2000\" class=\"wpcf7-form-control wpcf7-textarea\" aria-invalid=\"false\" name=\"your-message\"><\/textarea><\/span> <\/label>\n<\/p>\n<p><input class=\"wpcf7-form-control wpcf7-submit has-spinner\" type=\"submit\" value=\"Envoyer\" \/>\n<\/p>\n<p>Ce formulaire utilise Akismet pour r\u00e9duire le courrier ind\u00e9sirable. <a target=\"_blank\" rel=\"nofollow noopener\" href=\"https:\/\/akismet.com\/privacy\/\">D\u00e9couvrez comment vos donn\u00e9es sont trait\u00e9es.<\/a>\n<\/p><p style=\"display: none !important;\" class=\"akismet-fields-container\" data-prefix=\"_wpcf7_ak_\"><label>&#916;<textarea name=\"_wpcf7_ak_hp_textarea\" cols=\"45\" rows=\"8\" maxlength=\"100\"><\/textarea><\/label><input type=\"hidden\" id=\"ak_js_1\" name=\"_wpcf7_ak_js\" value=\"219\"\/><script type=\"text\/javascript\">\n\/* <![CDATA[ *\/\ndocument.getElementById( \"ak_js_1\" ).setAttribute( \"value\", ( new Date() ).getTime() );\n\/* ]]> *\/\n<\/script>\n<\/p><div class=\"wpcf7-response-output\" aria-hidden=\"true\"><\/div>\n<\/form>\n<\/div>\n<\/p>\n","protected":false},"excerpt":{"rendered":"<p>Spirou&nbsp;: Les Lumi\u00e8res de Born\u00e9o Exposition du 12\/01 au 04\/02\/2018 Dans Les Lumi\u00e8res de Born\u00e9o, Spirou hors-s\u00e9rie, Zidrou a eu l\u2019intelligence d\u2019emmener Frank sur un terrain o\u00f9 son amour des animaux pouvait s\u2019en donner \u00e0 c\u0153ur joie&nbsp;: le cirque. Sur les traces de Franquin, le dessinateur revisite le personnage de No\u00e9, g\u00e9nial dresseur d\u00e9pressif de [&hellip;]<\/p>\n","protected":false},"author":1,"featured_media":0,"parent":0,"menu_order":0,"comment_status":"closed","ping_status":"closed","template":"","meta":{"ngg_post_thumbnail":0,"footnotes":""},"categories":[],"tags":[],"class_list":["post-7701","page","type-page","status-publish","hentry"],"_links":{"self":[{"href":"https:\/\/www.galeriechampaka.com\/index.php?rest_route=\/wp\/v2\/pages\/7701","targetHints":{"allow":["GET"]}}],"collection":[{"href":"https:\/\/www.galeriechampaka.com\/index.php?rest_route=\/wp\/v2\/pages"}],"about":[{"href":"https:\/\/www.galeriechampaka.com\/index.php?rest_route=\/wp\/v2\/types\/page"}],"author":[{"embeddable":true,"href":"https:\/\/www.galeriechampaka.com\/index.php?rest_route=\/wp\/v2\/users\/1"}],"replies":[{"embeddable":true,"href":"https:\/\/www.galeriechampaka.com\/index.php?rest_route=%2Fwp%2Fv2%2Fcomments&post=7701"}],"version-history":[{"count":2,"href":"https:\/\/www.galeriechampaka.com\/index.php?rest_route=\/wp\/v2\/pages\/7701\/revisions"}],"predecessor-version":[{"id":7758,"href":"https:\/\/www.galeriechampaka.com\/index.php?rest_route=\/wp\/v2\/pages\/7701\/revisions\/7758"}],"wp:attachment":[{"href":"https:\/\/www.galeriechampaka.com\/index.php?rest_route=%2Fwp%2Fv2%2Fmedia&parent=7701"}],"wp:term":[{"taxonomy":"category","embeddable":true,"href":"https:\/\/www.galeriechampaka.com\/index.php?rest_route=%2Fwp%2Fv2%2Fcategories&post=7701"},{"taxonomy":"post_tag","embeddable":true,"href":"https:\/\/www.galeriechampaka.com\/index.php?rest_route=%2Fwp%2Fv2%2Ftags&post=7701"}],"curies":[{"name":"wp","href":"https:\/\/api.w.org\/{rel}","templated":true}]}}