{"id":98373,"date":"2025-02-19T13:44:26","date_gmt":"2025-02-19T12:44:26","guid":{"rendered":"https:\/\/www.galeriechampaka.com\/?page_id=98373"},"modified":"2025-03-05T15:52:34","modified_gmt":"2025-03-05T14:52:34","slug":"fred-jannin","status":"publish","type":"page","link":"https:\/\/www.galeriechampaka.com\/?page_id=98373","title":{"rendered":"FRED JANNIN"},"content":{"rendered":"<h1 id=\"fr\" class=\"p1\"><em><b>\u00abGermain et nous\u00bb<\/b><\/em><\/h1>\n<h3 class=\"p3\"><span class=\"s1\">Exposition 06\/03 &gt; 29\/03\/2025<\/span><\/h3>\n<h1 id=\"fr\" class=\"p1\" style=\"margin-top: 0px;\"><em><b><img loading=\"lazy\" decoding=\"async\" class=\"alignnone size-full wp-image-98393\" src=\"https:\/\/www.galeriechampaka.com\/wp-content\/uploads\/2025\/02\/2025-Germain-expo-resized.jpg\" alt=\"Illustration d'un groupe de jeunes assis en groupe avec l'un d'eux debout au centre\" width=\"1000\" height=\"1176\" srcset=\"https:\/\/www.galeriechampaka.com\/wp-content\/uploads\/2025\/02\/2025-Germain-expo-resized.jpg 1000w, https:\/\/www.galeriechampaka.com\/wp-content\/uploads\/2025\/02\/2025-Germain-expo-resized-255x300.jpg 255w, https:\/\/www.galeriechampaka.com\/wp-content\/uploads\/2025\/02\/2025-Germain-expo-resized-871x1024.jpg 871w, https:\/\/www.galeriechampaka.com\/wp-content\/uploads\/2025\/02\/2025-Germain-expo-resized-768x903.jpg 768w\" sizes=\"auto, (max-width: 1000px) 100vw, 1000px\" \/><\/b><\/em><\/h1>\n<p class=\"p1\">Le personnage de <i>Germain<\/i> na\u00eet en 1976 de l\u2019imagination d\u00e9bordante de <b>Fred Jannin<\/b> et <b>Thierry<\/b> <b>Culliford<\/b>. D\u00e8s 1977, il prend vie dans le <i>Trombone illustr\u00e9<\/i>, suppl\u00e9ment mythique du journal <i>Spirou,<\/i> sous l\u2019impulsion d\u2019<b>Andr\u00e9 Franquin<\/b> et d\u2019<b>Yvan Delporte<\/b><\/p>\n<p class=\"p1\">D\u2019abord parue en 1979 chez <i>Fluide Glacial<\/i> \u00e0 l\u2019initiative de <b>Gotlib<\/b>, ensuite aux \u00e9ditions Dupuis \u00e0 partir de 1980, la s\u00e9rie&nbsp;<b><i>Germain et nous<\/i><\/b> va se d\u00e9velopper sur 14 albums et les co-sc\u00e9naristes<span class=\"Apple-converted-space\">&nbsp; <\/span>(<b>Thierry Culliford<\/b>, <b>Yvan Delporte<\/b>, <b>Serge Honorez<\/b>\u2026) se succ\u00e8dent pour forger et entretenir l\u2019esprit ind\u00e9l\u00e9bile de cette chronique adolescente. Dr\u00f4les, sarcastiques ou po\u00e9tiques, les gags en une page capturent des instantan\u00e9s du quotidien. A travers les p\u00e9rip\u00e9ties de Germain, Pilou, Sophie, Luc-Luc et tous les membres de la bande, c\u2019est toute la d\u00e9cennie des ann\u00e9es 80 qui va d\u00e9filer devant nos yeux, rythm\u00e9e par la bande-son des fameux <b><i>Bowling Balls<\/i><\/b>, le vrai-faux groupe pop initi\u00e9 par <b>Fred Jannin<\/b> et ses complices.<\/p>\n<p class=\"p1\">En 2004, avec la s\u00e9rie <i>Que du bonheur<\/i> (Le Lombard), le lecteur retrouve un Germain &amp; C\u00b0 vieillissant, confront\u00e9 \u00e0 de nouvelles tranches de vie en phase avec l\u2019\u00e2ge adulte et les mutations de l\u2019\u00e9poque.<\/p>\n<p class=\"p1\">En marge de ses multiples autres projets dessin\u00e9s (<b><i>Froud &amp; Stouf<\/i><\/b> avec <b>Stefan Liberski<\/b> et des collaborations nombreuses avec <b>Gilles Dal<\/b>), <b>Fred Jannin<\/b>, artiste aux multiples talents, s\u2019impose comme une figure incontournable des m\u00e9dias (<i>Les Snuls<\/i>, <i>Jaadtoly<\/i>, <i>la semaine infernale<\/i>, etc\u2026). Aujourd\u2019hui, presque 50 ans apr\u00e8s la cr\u00e9ation de <b><i>Germain et nous<\/i><\/b>, cette question le hante encore et toujours&nbsp;: \u00ab&nbsp;Suis-je dessinateur ou suis-je musicien&nbsp;?&nbsp;\u00bb<\/p>\n<p class=\"p1\">Pour tenter d\u2019y r\u00e9pondre, la <b>galerie Champaka<\/b> a le privil\u00e8ge d\u2019exposer un bel \u00e9ventail des planches originales, d\u2019illustrations et de croquis mettant en lumi\u00e8re le trait vif et incisif du <b>Fred Jannin<\/b> <i>dessinateur<\/i>, h\u00e9ritier \u00e0 la fois de ses ma\u00eetres de l\u2019\u00e9cole franco-belge et de la spontan\u00e9it\u00e9 des grands caricaturistes.<\/p>\n<hr>\n<h2 id=\"nl\"><em><b>\u00abGerman en wij\u00bb<\/b><\/em><\/h2>\n<p class=\"p1\">Het personage <i>German<\/i> ontstaat in 1976 uit de overborrelende verbeelding van <b>Fred Jannin<\/b> en <b>Thierry Culliford<\/b>. Vanaf 1977 komt het tot leven in <i>Le Trombone Illustr\u00e9<\/i>, de mythische bijlage van <i>Spirou<\/i>, de Franse versie van het weekblad <i>Robbedoes<\/i>, onder impuls van <b>Andr\u00e9 Franquin<\/b> en <b>Yvan<\/b> <b>Delporte<\/b>.<\/p>\n<p class=\"p1\">Vervolgens verschijnt het bij <i>Fluide Glacial<\/i> op initiatief van <b>Gotlib<\/b> en daarna vanaf 1980, gaat de reeks bij uitgeverij Dupuis verder ontwikkelen over 14 albums en verschillende coscenaristen (<b>Thierry Culliford<\/b>, <b>Yvan Delporte<\/b>, <b>Serge Honorez<\/b>\u2026) gaan mekaar aflossen om de onverwoestbare spirit van deze adolescentenkroniek te onderhouden. Grappig, sarcastisch of po\u00ebtisch is elke gag een momentopname uit het dagelijkse leven. Met de lotgevallen van German, Pilou, Sofie, Luc-Luc en alle leden van de bende defileren de hele jaren 80 voor onze ogen op de soundtrack van de beruchte <b><i>Bowling Balls<\/i><\/b>, de echt-valse popgroep die <b>Fred Jannin<\/b> en zijn handlangers opzette.<\/p>\n<p class=\"p1\">In 2004 vindt de lezer een ouder wordende <i>German en wij<\/i> terug in <i>Que du bonheur<\/i> (uitg. Le Lombard) waarin de nieuwe levensfasen van volwassenheid en de veranderde tijden worden aangepakt.<\/p>\n<p class=\"p1\">Naast zijn talloze andere getekende projecten (<b><i>Froud &amp; Stouf<\/i><\/b> met <b>Stefan Liberski<\/b> en tal van samenwerkingen met <b>Gilles Dal<\/b>) is de talentvolle <b>Fred Jannin<\/b> ook een opmerkelijkemediafiguur (<i>Les<\/i> <i>Snuls<\/i>, <i>Jaadtoly<\/i>, <i>la semaine infernale<\/i>, enz\u2026). Nu, haast 50 jaar na de schepping van <b><i>German en wij<\/i><\/b> plaagt de vraag hem nog steeds : \u201cBen ik tekenaar of ben ik muzikant?\u201d<\/p>\n<p class=\"p1\">In een poging op deze vraag te antwoorden heeft <b>galerij Champaka<\/b> het genoegen een mooie waaier aan originele platen, illustraties en schetsen voor te stellen om de levendige en snedige pennentrekken van <b>Fred Jannin<\/b> op het voorplan te brengen die erfgenaam van zijn Frans-Belgische stripidolen en de spontane\u00efteit van de grote karikaturisten.<\/p>\n<hr>\n<h2 id=\"en\"><em><b>\u00abGermain et nous\u00bb<\/b><\/em><\/h2>\n<p class=\"p1\">The character of <i>Germain<\/i> sprung forth in 1976 from the overflowing imagination of <b>Fred Jannin<\/b> and <b>Thierry Culliford<\/b>. In 1977, he came to life in <i>Trombone Illustr\u00e9<\/i>, a legendary supplement to <i>Spirou<\/i> magazine, under the impetus of <b>Andr\u00e9 Franquin<\/b> and <b>Yvan Delporte<\/b>.<\/p>\n<p class=\"p1\">First published in 1979 in <i>Fluide Glacial<\/i> on the initiative of <b>Gotlib<\/b>, then by Editions Dupuis from 1980, the series <b><i>Germain et nous<\/i><\/b> would develop over 14 albums and co-writers (<b>Thierry Culliford<\/b>, <b>Yvan<\/b> <b>Delporte<\/b>, <b>Serge Honorez<\/b>, etc.) would follow one another to forge and maintain the indelible spirit of this chronicle of adolescence. Funny, sarcastic and poetic, these one-page gags work like snapshots of everyday life. Through the adventures of Germain, Pilou, Sophie, Luc-Luc and all the members of the gang, the entire decade of the 80s passes before our eyes, punctuated by a soundtrack performed by the famous <b><i>Bowling Balls<\/i><\/b>, the real-fake pop group started by <b>Fred Jannin<\/b> and his accomplices.<\/p>\n<p class=\"p1\">In 2004, with the serie <i>Que du bonheur<\/i> (Le Lombard), readers discover an ageing <i>Germain <\/i>&amp; C\u00b0 confronted with new slices of life as part of their adulthood and the changing times.<\/p>\n<p class=\"p1\">In addition to his many other drawn projects (<b>Froud &amp; Stouf<\/b> with <b>Stefan Liberski<\/b> and numerous collaborations with <b>Gilles Dal<\/b>), <b>Fred Jannin<\/b>, a multi-talented artist, has established himself as a key figure in the media (<i>Les Snuls<\/i>, <i>Jaadtoly<\/i>, <i>La semaine infernale<\/i>, etc.). Today, almost 50 years after the creation of <b><i>Germain et nous<\/i><\/b>, this question still haunts him :\u201dAm I an artist or am I a musician?\u201d<\/p>\n<p class=\"p1\">In an attempt to answer this, <b>Galerie Champaka<\/b> has the privilege of exhibiting a beautiful range of original pages, illustrations and sketches highlighting the lively and incisive style of <b>Fred Jannin<\/b> artist, heir both to his masters from the Franco-Belgian school and the spontaneity of the great caricaturists.<\/p>\n<h2>Originaux<\/h2>\nngg_shortcode_0_placeholder\n<h2>Int\u00e9ress\u00e9 par une \u0153uvre?<\/h2>\n<p>Laissez-nous vos coordonn\u00e9es, nous vous recontacterons d\u00e8s que possible.<br \/>\n\n<div class=\"wpcf7 no-js\" id=\"wpcf7-f688-o1\" lang=\"fr-FR\" dir=\"ltr\" data-wpcf7-id=\"688\">\n<div class=\"screen-reader-response\"><p role=\"status\" aria-live=\"polite\" aria-atomic=\"true\"><\/p> <ul><\/ul><\/div>\n<form action=\"\/index.php?rest_route=%2Fwp%2Fv2%2Fpages%2F98373#wpcf7-f688-o1\" method=\"post\" class=\"wpcf7-form init\" aria-label=\"Formulaire de contact\" novalidate=\"novalidate\" data-status=\"init\">\n<fieldset class=\"hidden-fields-container\"><input type=\"hidden\" name=\"_wpcf7\" value=\"688\" \/><input type=\"hidden\" name=\"_wpcf7_version\" value=\"6.1.5\" \/><input type=\"hidden\" name=\"_wpcf7_locale\" value=\"fr_FR\" \/><input type=\"hidden\" name=\"_wpcf7_unit_tag\" value=\"wpcf7-f688-o1\" \/><input type=\"hidden\" name=\"_wpcf7_container_post\" value=\"0\" \/><input type=\"hidden\" name=\"_wpcf7_posted_data_hash\" value=\"\" \/>\n<\/fieldset>\n<p><label> Votre nom (*)<br \/>\n<span class=\"wpcf7-form-control-wrap\" data-name=\"your-name\"><input size=\"40\" maxlength=\"400\" class=\"wpcf7-form-control wpcf7-text wpcf7-validates-as-required\" autocomplete=\"name\" aria-required=\"true\" aria-invalid=\"false\" value=\"\" type=\"text\" name=\"your-name\" \/><\/span> <\/label>\n<\/p>\n<p><label> Votre e-mail (*)<br \/>\n<span class=\"wpcf7-form-control-wrap\" data-name=\"your-email\"><input size=\"40\" maxlength=\"400\" class=\"wpcf7-form-control wpcf7-email wpcf7-validates-as-required wpcf7-text wpcf7-validates-as-email\" autocomplete=\"email\" aria-required=\"true\" aria-invalid=\"false\" value=\"\" type=\"email\" name=\"your-email\" \/><\/span> <\/label>\n<\/p>\n<p><label>\u0152uvre choisie<br \/>\n<span class=\"wpcf7-form-control-wrap\" data-name=\"your-subject\"><input size=\"40\" maxlength=\"400\" class=\"wpcf7-form-control wpcf7-text\" aria-invalid=\"false\" value=\"\" type=\"text\" name=\"your-subject\" \/><\/span> <\/label>\n<\/p>\n<p><label>Votre demande<br \/>\n<span class=\"wpcf7-form-control-wrap\" data-name=\"your-message\"><textarea cols=\"40\" rows=\"10\" maxlength=\"2000\" class=\"wpcf7-form-control wpcf7-textarea\" aria-invalid=\"false\" name=\"your-message\"><\/textarea><\/span> <\/label>\n<\/p>\n<p><input class=\"wpcf7-form-control wpcf7-submit has-spinner\" type=\"submit\" value=\"Envoyer\" \/>\n<\/p>\n<p>Ce formulaire utilise Akismet pour r\u00e9duire le courrier ind\u00e9sirable. <a target=\"_blank\" rel=\"nofollow noopener\" href=\"https:\/\/akismet.com\/privacy\/\">D\u00e9couvrez comment vos donn\u00e9es sont trait\u00e9es.<\/a>\n<\/p><p style=\"display: none !important;\" class=\"akismet-fields-container\" data-prefix=\"_wpcf7_ak_\"><label>&#916;<textarea name=\"_wpcf7_ak_hp_textarea\" cols=\"45\" rows=\"8\" maxlength=\"100\"><\/textarea><\/label><input type=\"hidden\" id=\"ak_js_1\" name=\"_wpcf7_ak_js\" value=\"17\"\/><script type=\"text\/javascript\">\n\/* <![CDATA[ *\/\ndocument.getElementById( \"ak_js_1\" ).setAttribute( \"value\", ( new Date() ).getTime() );\n\/* ]]> *\/\n<\/script>\n<\/p><div class=\"wpcf7-response-output\" aria-hidden=\"true\"><\/div>\n<\/form>\n<\/div>\n<\/p>\n","protected":false},"excerpt":{"rendered":"<p>\u00abGermain et nous\u00bb Exposition 06\/03 &gt; 29\/03\/2025 Le personnage de Germain na\u00eet en 1976 de l\u2019imagination d\u00e9bordante de Fred Jannin et Thierry Culliford. D\u00e8s 1977, il prend vie dans le Trombone illustr\u00e9, suppl\u00e9ment mythique du journal Spirou, sous l\u2019impulsion d\u2019Andr\u00e9 Franquin et d\u2019Yvan Delporte D\u2019abord parue en 1979 chez Fluide Glacial \u00e0 l\u2019initiative de Gotlib, [&hellip;]<\/p>\n","protected":false},"author":5,"featured_media":0,"parent":0,"menu_order":0,"comment_status":"closed","ping_status":"closed","template":"","meta":{"ngg_post_thumbnail":0,"footnotes":""},"categories":[],"tags":[],"class_list":["post-98373","page","type-page","status-publish","hentry"],"_links":{"self":[{"href":"https:\/\/www.galeriechampaka.com\/index.php?rest_route=\/wp\/v2\/pages\/98373","targetHints":{"allow":["GET"]}}],"collection":[{"href":"https:\/\/www.galeriechampaka.com\/index.php?rest_route=\/wp\/v2\/pages"}],"about":[{"href":"https:\/\/www.galeriechampaka.com\/index.php?rest_route=\/wp\/v2\/types\/page"}],"author":[{"embeddable":true,"href":"https:\/\/www.galeriechampaka.com\/index.php?rest_route=\/wp\/v2\/users\/5"}],"replies":[{"embeddable":true,"href":"https:\/\/www.galeriechampaka.com\/index.php?rest_route=%2Fwp%2Fv2%2Fcomments&post=98373"}],"version-history":[{"count":6,"href":"https:\/\/www.galeriechampaka.com\/index.php?rest_route=\/wp\/v2\/pages\/98373\/revisions"}],"predecessor-version":[{"id":98496,"href":"https:\/\/www.galeriechampaka.com\/index.php?rest_route=\/wp\/v2\/pages\/98373\/revisions\/98496"}],"wp:attachment":[{"href":"https:\/\/www.galeriechampaka.com\/index.php?rest_route=%2Fwp%2Fv2%2Fmedia&parent=98373"}],"wp:term":[{"taxonomy":"category","embeddable":true,"href":"https:\/\/www.galeriechampaka.com\/index.php?rest_route=%2Fwp%2Fv2%2Fcategories&post=98373"},{"taxonomy":"post_tag","embeddable":true,"href":"https:\/\/www.galeriechampaka.com\/index.php?rest_route=%2Fwp%2Fv2%2Ftags&post=98373"}],"curies":[{"name":"wp","href":"https:\/\/api.w.org\/{rel}","templated":true}]}}

<h1 id="fr" class="p1"><em><b>«Germain et nous»</b></em></h1>
<h3 class="p3"><span class="s1">Exposition 06/03 &gt; 29/03/2025</span></h3>
<h1 id="fr" class="p1" style="margin-top: 0px;"><em><b><img loading="lazy" decoding="async" class="alignnone size-full wp-image-98393" src="https://www.galeriechampaka.com/wp-content/uploads/2025/02/2025-Germain-expo-resized.jpg" alt="Illustration d'un groupe de jeunes assis en groupe avec l'un d'eux debout au centre" width="1000" height="1176" srcset="https://www.galeriechampaka.com/wp-content/uploads/2025/02/2025-Germain-expo-resized.jpg 1000w, https://www.galeriechampaka.com/wp-content/uploads/2025/02/2025-Germain-expo-resized-255x300.jpg 255w, https://www.galeriechampaka.com/wp-content/uploads/2025/02/2025-Germain-expo-resized-871x1024.jpg 871w, https://www.galeriechampaka.com/wp-content/uploads/2025/02/2025-Germain-expo-resized-768x903.jpg 768w" sizes="auto, (max-width: 1000px) 100vw, 1000px" /></b></em></h1>
<p class="p1">Le personnage de <i>Germain</i> naît en 1976 de l’imagination débordante de <b>Fred Jannin</b> et <b>Thierry</b> <b>Culliford</b>. Dès 1977, il prend vie dans le <i>Trombone illustré</i>, supplément mythique du journal <i>Spirou,</i> sous l’impulsion d’<b>André Franquin</b> et d’<b>Yvan Delporte</b></p>
<p class="p1">D’abord parue en 1979 chez <i>Fluide Glacial</i> à l’initiative de <b>Gotlib</b>, ensuite aux éditions Dupuis à partir de 1980, la série&nbsp;<b><i>Germain et nous</i></b> va se développer sur 14 albums et les co-scénaristes<span class="Apple-converted-space">&nbsp; </span>(<b>Thierry Culliford</b>, <b>Yvan Delporte</b>, <b>Serge Honorez</b>…) se succèdent pour forger et entretenir l’esprit indélébile de cette chronique adolescente. Drôles, sarcastiques ou poétiques, les gags en une page capturent des instantanés du quotidien. A travers les péripéties de Germain, Pilou, Sophie, Luc-Luc et tous les membres de la bande, c’est toute la décennie des années 80 qui va défiler devant nos yeux, rythmée par la bande-son des fameux <b><i>Bowling Balls</i></b>, le vrai-faux groupe pop initié par <b>Fred Jannin</b> et ses complices.</p>
<p class="p1">En 2004, avec la série <i>Que du bonheur</i> (Le Lombard), le lecteur retrouve un Germain &amp; C° vieillissant, confronté à de nouvelles tranches de vie en phase avec l’âge adulte et les mutations de l’époque.</p>
<p class="p1">En marge de ses multiples autres projets dessinés (<b><i>Froud &amp; Stouf</i></b> avec <b>Stefan Liberski</b> et des collaborations nombreuses avec <b>Gilles Dal</b>), <b>Fred Jannin</b>, artiste aux multiples talents, s’impose comme une figure incontournable des médias (<i>Les Snuls</i>, <i>Jaadtoly</i>, <i>la semaine infernale</i>, etc…). Aujourd’hui, presque 50 ans après la création de <b><i>Germain et nous</i></b>, cette question le hante encore et toujours&nbsp;: «&nbsp;Suis-je dessinateur ou suis-je musicien&nbsp;?&nbsp;»</p>
<p class="p1">Pour tenter d’y répondre, la <b>galerie Champaka</b> a le privilège d’exposer un bel éventail des planches originales, d’illustrations et de croquis mettant en lumière le trait vif et incisif du <b>Fred Jannin</b> <i>dessinateur</i>, héritier à la fois de ses maîtres de l’école franco-belge et de la spontanéité des grands caricaturistes.</p>
<hr>
<h2 id="nl"><em><b>«German en wij»</b></em></h2>
<p class="p1">Het personage <i>German</i> ontstaat in 1976 uit de overborrelende verbeelding van <b>Fred Jannin</b> en <b>Thierry Culliford</b>. Vanaf 1977 komt het tot leven in <i>Le Trombone Illustré</i>, de mythische bijlage van <i>Spirou</i>, de Franse versie van het weekblad <i>Robbedoes</i>, onder impuls van <b>André Franquin</b> en <b>Yvan</b> <b>Delporte</b>.</p>
<p class="p1">Vervolgens verschijnt het bij <i>Fluide Glacial</i> op initiatief van <b>Gotlib</b> en daarna vanaf 1980, gaat de reeks bij uitgeverij Dupuis verder ontwikkelen over 14 albums en verschillende coscenaristen (<b>Thierry Culliford</b>, <b>Yvan Delporte</b>, <b>Serge Honorez</b>…) gaan mekaar aflossen om de onverwoestbare spirit van deze adolescentenkroniek te onderhouden. Grappig, sarcastisch of poëtisch is elke gag een momentopname uit het dagelijkse leven. Met de lotgevallen van German, Pilou, Sofie, Luc-Luc en alle leden van de bende defileren de hele jaren 80 voor onze ogen op de soundtrack van de beruchte <b><i>Bowling Balls</i></b>, de echt-valse popgroep die <b>Fred Jannin</b> en zijn handlangers opzette.</p>
<p class="p1">In 2004 vindt de lezer een ouder wordende <i>German en wij</i> terug in <i>Que du bonheur</i> (uitg. Le Lombard) waarin de nieuwe levensfasen van volwassenheid en de veranderde tijden worden aangepakt.</p>
<p class="p1">Naast zijn talloze andere getekende projecten (<b><i>Froud &amp; Stouf</i></b> met <b>Stefan Liberski</b> en tal van samenwerkingen met <b>Gilles Dal</b>) is de talentvolle <b>Fred Jannin</b> ook een opmerkelijkemediafiguur (<i>Les</i> <i>Snuls</i>, <i>Jaadtoly</i>, <i>la semaine infernale</i>, enz…). Nu, haast 50 jaar na de schepping van <b><i>German en wij</i></b> plaagt de vraag hem nog steeds : “Ben ik tekenaar of ben ik muzikant?”</p>
<p class="p1">In een poging op deze vraag te antwoorden heeft <b>galerij Champaka</b> het genoegen een mooie waaier aan originele platen, illustraties en schetsen voor te stellen om de levendige en snedige pennentrekken van <b>Fred Jannin</b> op het voorplan te brengen die erfgenaam van zijn Frans-Belgische stripidolen en de spontaneïteit van de grote karikaturisten.</p>
<hr>
<h2 id="en"><em><b>«Germain et nous»</b></em></h2>
<p class="p1">The character of <i>Germain</i> sprung forth in 1976 from the overflowing imagination of <b>Fred Jannin</b> and <b>Thierry Culliford</b>. In 1977, he came to life in <i>Trombone Illustré</i>, a legendary supplement to <i>Spirou</i> magazine, under the impetus of <b>André Franquin</b> and <b>Yvan Delporte</b>.</p>
<p class="p1">First published in 1979 in <i>Fluide Glacial</i> on the initiative of <b>Gotlib</b>, then by Editions Dupuis from 1980, the series <b><i>Germain et nous</i></b> would develop over 14 albums and co-writers (<b>Thierry Culliford</b>, <b>Yvan</b> <b>Delporte</b>, <b>Serge Honorez</b>, etc.) would follow one another to forge and maintain the indelible spirit of this chronicle of adolescence. Funny, sarcastic and poetic, these one-page gags work like snapshots of everyday life. Through the adventures of Germain, Pilou, Sophie, Luc-Luc and all the members of the gang, the entire decade of the 80s passes before our eyes, punctuated by a soundtrack performed by the famous <b><i>Bowling Balls</i></b>, the real-fake pop group started by <b>Fred Jannin</b> and his accomplices.</p>
<p class="p1">In 2004, with the serie <i>Que du bonheur</i> (Le Lombard), readers discover an ageing <i>Germain </i>&amp; C° confronted with new slices of life as part of their adulthood and the changing times.</p>
<p class="p1">In addition to his many other drawn projects (<b>Froud &amp; Stouf</b> with <b>Stefan Liberski</b> and numerous collaborations with <b>Gilles Dal</b>), <b>Fred Jannin</b>, a multi-talented artist, has established himself as a key figure in the media (<i>Les Snuls</i>, <i>Jaadtoly</i>, <i>La semaine infernale</i>, etc.). Today, almost 50 years after the creation of <b><i>Germain et nous</i></b>, this question still haunts him :”Am I an artist or am I a musician?”</p>
<p class="p1">In an attempt to answer this, <b>Galerie Champaka</b> has the privilege of exhibiting a beautiful range of original pages, illustrations and sketches highlighting the lively and incisive style of <b>Fred Jannin</b> artist, heir both to his masters from the Franco-Belgian school and the spontaneity of the great caricaturists.</p>
<h2>Originaux</h2>
ngg_shortcode_0_placeholder
<h2>Intéressé par une œuvre?</h2>
<p>Laissez-nous vos coordonnées, nous vous recontacterons dès que possible.<br />

<div class="wpcf7 no-js" id="wpcf7-f688-o1" lang="fr-FR" dir="ltr" data-wpcf7-id="688">
<div class="screen-reader-response"><p role="status" aria-live="polite" aria-atomic="true"></p> <ul></ul></div>
<form action="/index.php?rest_route=%2Fwp%2Fv2%2Fpages%2F98373#wpcf7-f688-o1" method="post" class="wpcf7-form init" aria-label="Formulaire de contact" novalidate="novalidate" data-status="init">
<fieldset class="hidden-fields-container"><input type="hidden" name="_wpcf7" value="688" /><input type="hidden" name="_wpcf7_version" value="6.1.5" /><input type="hidden" name="_wpcf7_locale" value="fr_FR" /><input type="hidden" name="_wpcf7_unit_tag" value="wpcf7-f688-o1" /><input type="hidden" name="_wpcf7_container_post" value="0" /><input type="hidden" name="_wpcf7_posted_data_hash" value="" />
</fieldset>
<p><label> Votre nom (*)<br />
<span class="wpcf7-form-control-wrap" data-name="your-name"><input size="40" maxlength="400" class="wpcf7-form-control wpcf7-text wpcf7-validates-as-required" autocomplete="name" aria-required="true" aria-invalid="false" value="" type="text" name="your-name" /></span> </label>
</p>
<p><label> Votre e-mail (*)<br />
<span class="wpcf7-form-control-wrap" data-name="your-email"><input size="40" maxlength="400" class="wpcf7-form-control wpcf7-email wpcf7-validates-as-required wpcf7-text wpcf7-validates-as-email" autocomplete="email" aria-required="true" aria-invalid="false" value="" type="email" name="your-email" /></span> </label>
</p>
<p><label>Œuvre choisie<br />
<span class="wpcf7-form-control-wrap" data-name="your-subject"><input size="40" maxlength="400" class="wpcf7-form-control wpcf7-text" aria-invalid="false" value="" type="text" name="your-subject" /></span> </label>
</p>
<p><label>Votre demande<br />
<span class="wpcf7-form-control-wrap" data-name="your-message"><textarea cols="40" rows="10" maxlength="2000" class="wpcf7-form-control wpcf7-textarea" aria-invalid="false" name="your-message"></textarea></span> </label>
</p>
<p><input class="wpcf7-form-control wpcf7-submit has-spinner" type="submit" value="Envoyer" />
</p>
<p>Ce formulaire utilise Akismet pour réduire le courrier indésirable. <a target="_blank" rel="nofollow noopener" href="https://akismet.com/privacy/">Découvrez comment vos données sont traitées.</a>
</p><p style="display: none !important;" class="akismet-fields-container" data-prefix="_wpcf7_ak_"><label>&#916;<textarea name="_wpcf7_ak_hp_textarea" cols="45" rows="8" maxlength="100"></textarea></label><input type="hidden" id="ak_js_1" name="_wpcf7_ak_js" value="17"/><script type="text/javascript">
/* <![CDATA[ */
document.getElementById( "ak_js_1" ).setAttribute( "value", ( new Date() ).getTime() );
/* ]]> */
</script>
</p><div class="wpcf7-response-output" aria-hidden="true"></div>
</form>
</div>
</p>

<p>«Germain et nous» Exposition 06/03 &gt; 29/03/2025 Le personnage de Germain naît en 1976 de l’imagination débordante de Fred Jannin et Thierry Culliford. Dès 1977, il prend vie dans le Trombone illustré, supplément mythique du journal Spirou, sous l’impulsion d’André Franquin et d’Yvan Delporte D’abord parue en 1979 chez Fluide Glacial à l’initiative de Gotlib, [&hellip;]</p>
